0?
True
Does 16 divide 187663717?
False
Is 41589659 a multiple of 22?
False
Is 7552709 a multiple of 322?
False
Is 47680408 a multiple of 8?
True
Is 77 a factor of 169804271?
False
Does 777 divide 65994993?
False
Is 93816030 a multiple of 2310?
True
Is 644762285 a multiple of 6481?
True
Is 1887 a factor of 107396718?
True
Is 2373 a factor of 126563955?
True
Is 53477818 a multiple of 1210?
False
Is 9207145 a multiple of 134?
False
Is 4 a factor of 120402375?
False
Is 65426427 a multiple of 27?
True
Is 20229585 a multiple of 2?
False
Does 43 divide 70285865?
True
Is 30 a factor of 12629638?
False
Does 313 divide 56596034?
True
Is 1406 a factor of 35190563?
False
Is 653597410 a multiple of 100?
False
Is 2496146312 a multiple of 271?
True
Is 20408581 a multiple of 3?
False
Is 2861 a factor of 711130160?
True
Does 55 divide 186926469?
False
Is 96 a factor of 95266225?
False
Does 753 divide 147695490?
False
Is 1612 a factor of 1812951920?
True
Is 1715 a factor of 97108445?
True
Is 45 a factor of 7526790540?
True
Is 156273592 a multiple of 46?
True
Is 122025555 a multiple of 27?
True
Is 55685124 a multiple of 99?
True
Is 47871465 a multiple of 9?
False
Does 295 divide 4728260?
True
Is 74730773 a multiple of 74?
False
Is 126 a factor of 185493500?
False
Does 90 divide 87653610?
True
Is 17934583 a multiple of 155?
False
Does 76 divide 637996592?
True
Is 61 a factor of 79196432?
False
Is 35130582 a multiple of 278?
True
Is 129 a factor of 182897570?
False
Is 2917765 a multiple of 58?
False
Is 8997646 a multiple of 30?
False
Is 504768000 a multiple of 30?
True
Is 4960 a factor of 1952092320?
True
Is 3 a factor of 78513882?
True
Is 18 a factor of 205548606?
True
Is 207877158 a multiple of 80?
False
Is 425509663 a multiple of 12?
False
Is 173345179 a multiple of 3?
False
Does 573 divide 637106929?
False
Is 20459300 a multiple of 109?
True
Is 70 a factor of 1299287710?
True
Is 6 a factor of 231648312?
True
Does 44 divide 22327184?
True
Is 2 a factor of 3837840?
True
Is 3 a factor of 145461614?
False
Does 18 divide 6787875?
False
Is 2246317518 a multiple of 19?
False
Is 251 a factor of 2231079513?
True
Is 78677412 a multiple of 4132?
True
Is 481 a factor of 14990365?
True
Does 4267 divide 776255280?
False
Does 79 divide 103296608?
True
Is 221314237 a multiple of 44?
False
Is 22 a factor of 95182736?
True
Is 1092 a factor of 64108044?
True
Is 359 a factor of 235578672?
True
Is 4207834134 a multiple of 4802?
True
Is 6 a factor of 662880161?
False
Is 100558089 a multiple of 201?
True
Is 2296604934 a multiple of 54?
True
Is 2426613 a multiple of 9?
False
Does 511 divide 14163387?
True
Does 1984 divide 1426682862?
False
Is 7 a factor of 27155520?
True
Is 41 a factor of 5639222?
True
Does 495 divide 177427369?
False
Does 299 divide 286830991?
False
Is 1221 a factor of 49019926?
False
Does 120 divide 5094347?
False
Is 269171172 a multiple of 2742?
True
Is 1955 a factor of 583061297?
False
Is 661930295 a multiple of 735?
False
Does 2700 divide 24121800?
True
Is 15510898 a multiple of 637?
False
Does 2397 divide 1948761?
True
Is 51278793 a multiple of 24?
False
Is 49855183 a multiple of 93?
False
Does 13 divide 18190234?
False
Is 119 a factor of 1178811858?
True
Is 2971595610 a multiple of 7782?
True
Is 1173493619 a multiple of 982?
False
Does 3 divide 16498566?
True
Is 207 a factor of 14106828?
False
Is 11030198 a multiple of 478?
False
Is 72 a factor of 73557288?
True
Does 9 divide 67386840?
False
Does 5133 divide 2457541809?
True
Does 3732 divide 29842494?
False
Is 9 a factor of 362570850?
True
Does 1857 divide 18614525?
False
Is 84862210 a multiple of 526?
True
Does 74 divide 1562358?
False
Is 356 a factor of 3843020?
True
Is 3 a factor of 260893464?
True
Does 84 divide 629187591?
False
Is 1362 a factor of 20232510?
True
Is 3449908 a multiple of 11?
True
Is 37371141 a multiple of 321?
True
Is 1029720 a multiple of 22?
False
Is 1399 a factor of 70319546?
False
Is 3 a factor of 218533913?
False
Does 12 divide 2854294512?
True
Is 2814741216 a multiple of 144?
True
Does 160 divide 1459686240?
True
Does 482 divide 2665005474?
True
Does 118 divide 99782512?
False
Is 342560797 a multiple of 3?
False
Is 124 a factor of 3462328?
True
Is 142 a factor of 345220471?
False
Does 27 divide 16035025?
False
Is 927263214 a multiple of 486?
True
Is 1179 a factor of 53191764?
True
Does 36 divide 172307585?
False
Is 514029012 a multiple of 21?
True
Is 9022266 a multiple of 18?
True
Does 31 divide 1480050763?
True
Is 814 a factor of 22263998?
False
Does 21 divide 84517419?
True
Is 6714 a factor of 25486344?
True
Is 3490 a factor of 903910?
True
Is 130 a factor of 249550458?
False
Is 480735351 a multiple of 16?
False
Is 305428 a multiple of 1036?
False
Does 15 divide 20696430?
True
Does 151 divide 118463426?
True
Does 39 divide 74924655?
True
Is 15505730 a multiple of 2165?
True
Is 16159943 a multiple of 41?
False
Is 70 a factor of 3976404163?
False
Does 2772 divide 37900833?
False
Is 665332788 a multiple of 160?
False
Does 1389 divide 25242403?
False
Does 5 divide 137222042?
False
Does 2 divide 5869586?
True
Is 338 a factor of 5571930?
True
Does 20 divide 2497697?
False
Is 64696760 a multiple of 18?
False
Is 1013 a factor of 46890757?
True
Is 13166705 a multiple of 415?
True
Is 2530327825 a multiple of 25?
True
Does 13 divide 2295952840?
False
Is 9 a factor of 101988451?
False
Is 4 a factor of 454753230?
False
Is 84905121 a multiple of 69?
True
Is 32 a factor of 398099360?
True
Does 2675 divide 19974225?
True
Does 25 divide 658104142?
False
Is 1625661467 a multiple of 13?
False
Is 1711 a factor of 147334210?
True
Does 164 divide 118979743?
False
Is 520825 even?
False
Is 49687940 a multiple of 17?
True
Does 43 divide 29205526?
False
Does 364 divide 3913728?
True
Is 7 a factor of 48416159?
False
Is 62 a factor of 29169681?
False
Is 9997002 a multiple of 185?
False
Does 276 divide 45140898?
False
Does 3169 divide 372320350?
False
Is 979 a factor of 12316945?
False
Does 227 divide 411521490?
True
Is 374775390 a multiple of 18?
True
Is 282 a factor of 20240550?
True
Does 98 divide 1438798466?
True
Is 637286350 a multiple of 43?
False
Does 41 divide 158272278?
False
Is 14456554 a multiple of 290?
False
Does 927 divide 18554832?
True
Is 1926447372 a multiple of 339?
False
Is 14 a factor of 132571253?
False
Is 168 a factor of 360298848?
True
Is 88 a factor of 41081761?
False
Is 37 a factor of 1009582?
True
Is 20233125 a multiple of 99?
True
Does 7 divide 202558202?
True
Is 1407 a factor of 392471394?
True
Does 1893 divide 670319406?
False
Is 10794784 a multiple of 16?
True
Is 6 a factor of 625449066?
True
Is 79278139 a multiple of 16?
False
Does 170 divide 2442441850?
True
Is 35652638 a multiple of 413?
True
Is 195246637 a multiple of 2105?
False
Is 339 a factor of 22884290?
False
Does 4475 divide 1814872050?
True
Does 495 divide 244366155?
True
Does 417 divide 424664877?
True
Is 139 a factor of 458942694?
True
Is 15723030 a multiple of 30?
True
Is 1430951941 a multiple of 101?
True
Is 608 a factor of 24578268?
False
Does 12947 divide 3088758924?
False
Does 13 divide 99501025?
True
Is 108 a factor of 1327876433?
False
Is 69968808 a multiple of 1092?
True
Does 376 divide 318812710?
False
Is 256 a factor of 1502145705?
False
Is 172 a factor of 8233468?
True
Is 4 a factor of 724884906?
False
Is 2132012214 a multiple of 423?
True
Does 150 divide 2248728150?
True
Does 494 divide 538967338?
True
Is 2572 a factor of 128468336?
False
Is 85483328 a multiple of 399?
False
Is 94153061 a multiple of 51?
False
Is 3895545201 a multiple of 5094?
False
Is 1244048028 a multiple of 38?
True
Is 9 a factor of 25985382?
False
Is 2179740880 a multiple of 938?
False
Is 653578 a multiple of 1120?
False
Is 89224007 a multiple of 115?
False
Is 740 a factor of 241230284?
False
Is 43765703 a multiple of 34?
False
Is 32 a factor of 100348789?
False
Does 4 divide 557337412?
True
Is 2496513961 a multiple of 1837?
False
Is 2621753242 a multiple of 926?
True
Is 6378936 a multiple of 12?
True
Is 54 a factor of 18266796?
True
Is 9577881 a multiple of 13?
False
Is 8 a factor of 175701627?
False
Is 44 a factor of 192381395?
False
Is 168480718 a multiple of 98?
True
Is 16 a factor of 515938536?
False
Is 75530133 a multiple o